{"id":98,"date":"2024-06-01T13:07:21","date_gmt":"2024-06-01T11:07:21","guid":{"rendered":"https:\/\/ecole-saintliboire.fr\/?page_id=98"},"modified":"2026-02-11T19:28:04","modified_gmt":"2026-02-11T18:28:04","slug":"apel-2","status":"publish","type":"page","link":"https:\/\/ecole-saintliboire.fr\/index.php\/apel-2\/","title":{"rendered":"APEL"},"content":{"rendered":"<div class=\"wp-block-image\">\n<figure class=\"aligncenter size-full is-resized\"><img loading=\"lazy\" decoding=\"async\" width=\"721\" height=\"563\" src=\"https:\/\/ecole-saintliboire.fr\/wp-content\/uploads\/2024\/06\/Apel-Logo-Signature-2019_RVB-1.jpg\" alt=\"\" class=\"wp-image-177\" style=\"width:242px;height:auto\" srcset=\"https:\/\/ecole-saintliboire.fr\/wp-content\/uploads\/2024\/06\/Apel-Logo-Signature-2019_RVB-1.jpg 721w, https:\/\/ecole-saintliboire.fr\/wp-content\/uploads\/2024\/06\/Apel-Logo-Signature-2019_RVB-1-300x234.jpg 300w, https:\/\/ecole-saintliboire.fr\/wp-content\/uploads\/2024\/06\/Apel-Logo-Signature-2019_RVB-1-230x180.jpg 230w, https:\/\/ecole-saintliboire.fr\/wp-content\/uploads\/2024\/06\/Apel-Logo-Signature-2019_RVB-1-350x273.jpg 350w, https:\/\/ecole-saintliboire.fr\/wp-content\/uploads\/2024\/06\/Apel-Logo-Signature-2019_RVB-1-480x375.jpg 480w\" sizes=\"auto, (max-width: 721px) 100vw, 721px\" \/><\/figure>\n<\/div>\n\n\n<p>L\u2019Apel, Association des parents d\u2019\u00e9l\u00e8ves de l\u2019enseignement libre, c\u2019est avant tout&nbsp;<strong>une \u00e9quipe de parents b\u00e9n\u00e9voles qui participe concr\u00e8tement \u00e0 la vie et \u00e0 l\u2019animation de l\u2019\u00e9tablissement<\/strong>.<\/p>\n\n\n\n<h3 class=\"wp-block-heading has-text-align-center has-vivid-green-cyan-background-color has-background\">Votre \u00e9quipe APEL 2025-2026<\/h3>\n\n\n\n<p>Pr\u00e9sidente : Amandine MAURICE<br>Vice-pr\u00e9sidente : Jackciana BARBOSA<br>Tr\u00e9sorier : Corentin NAPOLEON<br>Secr\u00e9taire : Maude DERENNE<br>Secr\u00e9taire adjoint : Pierre-Maxime RAZGALLAH-RONDARD<\/p>\n\n\n\n<p>Administrateurs : <br>Ta\u00efssane ABDALLAH<br>Fatima AL REDA<br>Esther BRETON<br>Kira HECKENDORN<br>Anne-C\u00e9cile HOULBERT<br>Camille JARROSSAY<br>No\u00ebmie KASSOUSSI<br>Saliha MASSAOUDENE<br>Gilles MORINAIS<br>Hafsa SOW<br><\/p>\n\n\n\n<p>Nous \u00e9crire : apel.saintliboire@gmail.com <\/p>\n\n\n\n<h3 class=\"wp-block-heading has-text-align-center has-vivid-green-cyan-background-color has-background\">Qu&rsquo;est-ce que l&rsquo;APEL ?<\/h3>\n\n\n\n<div class=\"wp-block-group\"><div class=\"wp-block-group__inner-container is-layout-constrained wp-block-group-is-layout-constrained\">\n<figure class=\"wp-block-embed is-type-video is-provider-youtube wp-block-embed-youtube wp-embed-aspect-16-9 wp-has-aspect-ratio\"><div class=\"wp-block-embed__wrapper\">\n<iframe loading=\"lazy\" title=\"Apel - Aujourd&#039;hui on a tous des pr\u00e9jug\u00e9s !\" width=\"1170\" height=\"658\" src=\"https:\/\/www.youtube.com\/embed\/cpW5SSiDqys?feature=oembed\" frameborder=\"0\" allow=\"accelerometer; autoplay; clipboard-write; encrypted-media; gyroscope; picture-in-picture; web-share\" referrerpolicy=\"strict-origin-when-cross-origin\" allowfullscreen><\/iframe>\n<\/div><\/figure>\n\n\n\n<p>Avec ses 1 000 000 d&rsquo;adh\u00e9rents, l&rsquo;Apel (Association de parents d&rsquo;\u00e9l\u00e8ves de l&rsquo;enseignement libre) est la plus importante association nationale de parents d&rsquo;\u00e9l\u00e8ves. Nous sommes \u00e9galement la seule association de parents d&rsquo;\u00e9l\u00e8ves reconnue dans le Statut de l&rsquo;Enseignement catholique.<\/p>\n\n\n\n<p class=\"has-text-align-center\"><strong>Quel est le r\u00f4le de l\u2019Apel ?&nbsp;<\/strong><\/p>\n\n\n\n<p><strong>L\u2019Apel agit et s&rsquo;implique dans la vie des \u00e9tablissements scolaires<\/strong>. Nous avons la responsabilit\u00e9 de repr\u00e9senter les parents, au sein des \u00e9tablissements, comme aupr\u00e8s des responsables de l&rsquo;institution scolaire et des pouvoirs publics.<\/p>\n\n\n\n<p><strong>L&rsquo;Apel accompagne \u00e9galement les parents dans leur t\u00e2che \u00e9ducative<\/strong> au travers des diff\u00e9rents services que nous proposons : le service d&rsquo;information et de conseil aux familles, le magazine Famille &amp; \u00e9ducation, le site www.apel.fr, la plateforme t\u00e9l\u00e9phonique Apel Service.<\/p>\n\n\n\n<p>Nous participons \u00e9galement au d\u00e9bat \u00e9ducatif, que ce soit sous forme de conf\u00e9rences-d\u00e9bats organis\u00e9es dans les \u00e9tablissements, de colloques dans les r\u00e9gions, de congr\u00e8s nationaux, ou de prises de position publiques sur un projet de r\u00e9forme.<br>Enfin, nous continuons de d\u00e9fendre la libert\u00e9 d&rsquo;enseignement et du choix de l&rsquo;\u00e9cole.<\/p>\n<\/div><\/div>\n\n\n\n<h3 class=\"wp-block-heading has-text-align-center has-vivid-green-cyan-background-color has-background\">Votre APEL d&rsquo;\u00e9tablissement<\/h3>\n\n\n\n<p><strong>Notre r\u00f4le au sein de l&rsquo;\u00e9tablissement :<\/strong><\/p>\n\n\n\n<div class=\"wp-block-group is-vertical is-layout-flex wp-container-core-group-is-layout-8cf370e7 wp-block-group-is-layout-flex\">\n<ul class=\"wp-block-list\">\n<li> accueil des nouveaux parents<\/li>\n\n\n\n<li>repr\u00e9sentation au conseil d\u2019\u00e9tablissement et aupr\u00e8s de l\u2019organisme de gestion<\/li>\n\n\n\n<li>organisation de la kermesse de l\u2019\u00e9cole<\/li>\n\n\n\n<li>organisation du spectacle des Saulni\u00e8res<\/li>\n\n\n\n<li>organisation de moments de convivialit\u00e9 : ap\u00e9ritif de d\u00e9but d&rsquo;ann\u00e9e, go\u00fbter de No\u00ebl des enfants<\/li>\n\n\n\n<li>organisation de plusieurs ventes au cours de l&rsquo;ann\u00e9e<\/li>\n<\/ul>\n<\/div>\n\n\n\n<p>Les actions mises en place par l&rsquo;Apel permettent de r\u00e9colter des fonds pour financer les projets des enseignants, du mat\u00e9riel, une partie des scolaires et de la classe de mer.<\/p>\n\n\n\n<p>Chaque ann\u00e9e, gr\u00e2ce \u00e0 la mobilisation des enfants et de leurs parents, l&rsquo;Apel peut augmenter sa participation aux diff\u00e9rentes sorties et ainsi all\u00e9ger le co\u00fbt pour les familles.<\/p>\n\n\n\n<p>Les enseignants et personnels de l&rsquo;\u00e9cole tiennent \u00e9galement un grand r\u00f4le dans la vie de l&rsquo;association, gr\u00e2ce \u00e0 leur communication sur les actions aupr\u00e8s des enfants et des familles et par leur pr\u00e9sence aux diff\u00e9rentes manifestations.<\/p>\n\n\n\n<h3 class=\"wp-block-heading has-text-align-center has-vivid-green-cyan-background-color has-background\">Nos actions<\/h3>\n\n\n\n<p><strong>Action \u00e0 l&rsquo;ann\u00e9e :<\/strong> box go\u00fbter une fois par mois<\/p>\n\n\n\n<p><strong>Actions de No\u00ebl : <\/strong><\/p>\n\n\n\n<p>Photos de No\u00ebl<br>Vente de chocolats de No\u00ebl<br>Go\u00fbter de No\u00ebl pour les \u00e9l\u00e8ves<br>Ap\u00e9ro de No\u00ebl pour les familles<\/p>\n\n\n\n<p><strong>Actions de Printemps :<\/strong> <\/p>\n\n\n\n<p>Vente de chocolats de P\u00e2ques<br>Dessin d&rsquo;\u00e9cole<\/p>\n\n\n\n<p><strong>Actions de fin d&rsquo;ann\u00e9e : <\/strong><\/p>\n\n\n\n<p>Kermesse et tombola<br>Spectacle de danse<\/p>\n","protected":false},"excerpt":{"rendered":"<p>L\u2019Apel, Association des parents d\u2019\u00e9l\u00e8ves de l\u2019enseignement libre, c\u2019est avant tout&nbsp;une \u00e9quipe de parents b\u00e9n\u00e9voles qui participe concr\u00e8tement \u00e0 la vie et [&hellip;]<\/p>\n","protected":false},"author":1,"featured_media":0,"parent":0,"menu_order":0,"comment_status":"closed","ping_status":"closed","template":"","meta":{"footnotes":""},"class_list":["post-98","page","type-page","status-publish","hentry"],"_links":{"self":[{"href":"https:\/\/ecole-saintliboire.fr\/index.php\/wp-json\/wp\/v2\/pages\/98","targetHints":{"allow":["GET"]}}],"collection":[{"href":"https:\/\/ecole-saintliboire.fr\/index.php\/wp-json\/wp\/v2\/pages"}],"about":[{"href":"https:\/\/ecole-saintliboire.fr\/index.php\/wp-json\/wp\/v2\/types\/page"}],"author":[{"embeddable":true,"href":"https:\/\/ecole-saintliboire.fr\/index.php\/wp-json\/wp\/v2\/users\/1"}],"replies":[{"embeddable":true,"href":"https:\/\/ecole-saintliboire.fr\/index.php\/wp-json\/wp\/v2\/comments?post=98"}],"version-history":[{"count":19,"href":"https:\/\/ecole-saintliboire.fr\/index.php\/wp-json\/wp\/v2\/pages\/98\/revisions"}],"predecessor-version":[{"id":946,"href":"https:\/\/ecole-saintliboire.fr\/index.php\/wp-json\/wp\/v2\/pages\/98\/revisions\/946"}],"wp:attachment":[{"href":"https:\/\/ecole-saintliboire.fr\/index.php\/wp-json\/wp\/v2\/media?parent=98"}],"curies":[{"name":"wp","href":"https:\/\/api.w.org\/{rel}","templated":true}]}}