{"id":68,"date":"2024-06-01T11:56:21","date_gmt":"2024-06-01T09:56:21","guid":{"rendered":"https:\/\/ecole-saintliboire.fr\/?page_id=68"},"modified":"2026-04-07T16:06:22","modified_gmt":"2026-04-07T14:06:22","slug":"ms-gs","status":"publish","type":"page","link":"https:\/\/ecole-saintliboire.fr\/index.php\/ms-gs\/","title":{"rendered":"MS &#8211; GS"},"content":{"rendered":"\n<p>Bienvenue dans la classe des MS-GS<\/p>\n\n\n\n<h2 class=\"wp-block-heading\">Notre copain Loup<\/h2>\n\n\n\n<p>Cette ann\u00e9e, Loup nous accompagne dans toutes nos aventures. Il part le week-end chez un copain de la classe : de beaux moments de complicit\u00e9 ! Attention, parfois il fait des b\u00eatises!<\/p>\n\n\n<div class=\"wp-block-image\">\n<figure class=\"alignright size-large is-resized\"><img loading=\"lazy\" decoding=\"async\" width=\"771\" height=\"1024\" src=\"https:\/\/ecole-saintliboire.fr\/wp-content\/uploads\/2026\/04\/IMG_20251202_081749-771x1024.jpg\" alt=\"\" class=\"wp-image-1034\" style=\"aspect-ratio:1.328149626983293;width:267px;height:auto\" srcset=\"https:\/\/ecole-saintliboire.fr\/wp-content\/uploads\/2026\/04\/IMG_20251202_081749-771x1024.jpg 771w, https:\/\/ecole-saintliboire.fr\/wp-content\/uploads\/2026\/04\/IMG_20251202_081749-226x300.jpg 226w, https:\/\/ecole-saintliboire.fr\/wp-content\/uploads\/2026\/04\/IMG_20251202_081749-768x1020.jpg 768w, https:\/\/ecole-saintliboire.fr\/wp-content\/uploads\/2026\/04\/IMG_20251202_081749-1157x1536.jpg 1157w, https:\/\/ecole-saintliboire.fr\/wp-content\/uploads\/2026\/04\/IMG_20251202_081749-1542x2048.jpg 1542w, https:\/\/ecole-saintliboire.fr\/wp-content\/uploads\/2026\/04\/IMG_20251202_081749-1000x1328.jpg 1000w, https:\/\/ecole-saintliboire.fr\/wp-content\/uploads\/2026\/04\/IMG_20251202_081749-230x305.jpg 230w, https:\/\/ecole-saintliboire.fr\/wp-content\/uploads\/2026\/04\/IMG_20251202_081749-350x465.jpg 350w, https:\/\/ecole-saintliboire.fr\/wp-content\/uploads\/2026\/04\/IMG_20251202_081749-480x638.jpg 480w, https:\/\/ecole-saintliboire.fr\/wp-content\/uploads\/2026\/04\/IMG_20251202_081749-scaled.jpg 1928w\" sizes=\"auto, (max-width: 771px) 100vw, 771px\" \/><\/figure>\n<\/div>\n\n\n<p><\/p>\n\n\n\n<p><\/p>\n\n\n\n<figure class=\"wp-block-image size-large is-resized\"><img loading=\"lazy\" decoding=\"async\" width=\"1024\" height=\"771\" src=\"https:\/\/ecole-saintliboire.fr\/wp-content\/uploads\/2026\/04\/IMG_20251006_094115-1-1024x771.jpg\" alt=\"\" class=\"wp-image-1035\" style=\"aspect-ratio:1.328149626983293;width:267px;height:auto\" srcset=\"https:\/\/ecole-saintliboire.fr\/wp-content\/uploads\/2026\/04\/IMG_20251006_094115-1-1024x771.jpg 1024w, https:\/\/ecole-saintliboire.fr\/wp-content\/uploads\/2026\/04\/IMG_20251006_094115-1-300x226.jpg 300w, https:\/\/ecole-saintliboire.fr\/wp-content\/uploads\/2026\/04\/IMG_20251006_094115-1-768x578.jpg 768w, https:\/\/ecole-saintliboire.fr\/wp-content\/uploads\/2026\/04\/IMG_20251006_094115-1-1536x1157.jpg 1536w, https:\/\/ecole-saintliboire.fr\/wp-content\/uploads\/2026\/04\/IMG_20251006_094115-1-2048x1542.jpg 2048w, https:\/\/ecole-saintliboire.fr\/wp-content\/uploads\/2026\/04\/IMG_20251006_094115-1-1000x753.jpg 1000w, https:\/\/ecole-saintliboire.fr\/wp-content\/uploads\/2026\/04\/IMG_20251006_094115-1-230x173.jpg 230w, https:\/\/ecole-saintliboire.fr\/wp-content\/uploads\/2026\/04\/IMG_20251006_094115-1-350x264.jpg 350w, https:\/\/ecole-saintliboire.fr\/wp-content\/uploads\/2026\/04\/IMG_20251006_094115-1-480x361.jpg 480w\" sizes=\"auto, (max-width: 1024px) 100vw, 1024px\" \/><\/figure>\n\n\n\n<p><\/p>\n\n\n\n<p><\/p>\n\n\n\n<h2 class=\"wp-block-heading\">Les sorties aux cin\u00e9astes<\/h2>\n\n\n\n<p>Plusieurs fois dans l&rsquo;ann\u00e9e, nous avons la chance d&rsquo;aller au cin\u00e9ma voir des courts m\u00e9trages de dessins anim\u00e9s de diff\u00e9rents pays.<\/p>\n\n\n<div class=\"wp-block-image\">\n<figure class=\"aligncenter size-large is-resized\"><img loading=\"lazy\" decoding=\"async\" width=\"771\" height=\"1024\" src=\"https:\/\/ecole-saintliboire.fr\/wp-content\/uploads\/2026\/04\/IMG_20251127_094642-771x1024.jpg\" alt=\"\" class=\"wp-image-1036\" style=\"aspect-ratio:0.7529523894622406;width:231px;height:auto\" srcset=\"https:\/\/ecole-saintliboire.fr\/wp-content\/uploads\/2026\/04\/IMG_20251127_094642-771x1024.jpg 771w, https:\/\/ecole-saintliboire.fr\/wp-content\/uploads\/2026\/04\/IMG_20251127_094642-226x300.jpg 226w, https:\/\/ecole-saintliboire.fr\/wp-content\/uploads\/2026\/04\/IMG_20251127_094642-768x1020.jpg 768w, https:\/\/ecole-saintliboire.fr\/wp-content\/uploads\/2026\/04\/IMG_20251127_094642-1157x1536.jpg 1157w, https:\/\/ecole-saintliboire.fr\/wp-content\/uploads\/2026\/04\/IMG_20251127_094642-1542x2048.jpg 1542w, https:\/\/ecole-saintliboire.fr\/wp-content\/uploads\/2026\/04\/IMG_20251127_094642-1000x1328.jpg 1000w, https:\/\/ecole-saintliboire.fr\/wp-content\/uploads\/2026\/04\/IMG_20251127_094642-230x305.jpg 230w, https:\/\/ecole-saintliboire.fr\/wp-content\/uploads\/2026\/04\/IMG_20251127_094642-350x465.jpg 350w, https:\/\/ecole-saintliboire.fr\/wp-content\/uploads\/2026\/04\/IMG_20251127_094642-480x638.jpg 480w, https:\/\/ecole-saintliboire.fr\/wp-content\/uploads\/2026\/04\/IMG_20251127_094642-scaled.jpg 1928w\" sizes=\"auto, (max-width: 771px) 100vw, 771px\" \/><\/figure>\n<\/div>\n\n\n<h2 class=\"wp-block-heading\">Matin\u00e9e avec les \u00e9l\u00e8ves de Sainte Catherine<\/h2>\n\n\n\n<p>Quelle matin\u00e9e !! Les lyc\u00e9ens avaient pr\u00e9par\u00e9 diff\u00e9rents ateliers :  sur le go\u00fbt, l&rsquo;odorat, d\u00e9coration de masques,, conte oralis\u00e9.Tr\u00e8s bon moment de partage, surtout qu&rsquo;ils nous avaient pr\u00e9par\u00e9 une surprise : un go\u00fbter!! On s&rsquo;est r\u00e9gal\u00e9! Merci et \u00e0 tr\u00e8s bient\u00f4t.<\/p>\n\n\n<div class=\"wp-block-image\">\n<figure class=\"aligncenter size-large is-resized\"><img loading=\"lazy\" decoding=\"async\" width=\"1024\" height=\"771\" src=\"https:\/\/ecole-saintliboire.fr\/wp-content\/uploads\/2026\/04\/IMG_20251128_091600-1024x771.jpg\" alt=\"\" class=\"wp-image-1032\" style=\"aspect-ratio:1.328149626983293;width:277px;height:auto\" srcset=\"https:\/\/ecole-saintliboire.fr\/wp-content\/uploads\/2026\/04\/IMG_20251128_091600-1024x771.jpg 1024w, https:\/\/ecole-saintliboire.fr\/wp-content\/uploads\/2026\/04\/IMG_20251128_091600-300x226.jpg 300w, https:\/\/ecole-saintliboire.fr\/wp-content\/uploads\/2026\/04\/IMG_20251128_091600-768x578.jpg 768w, https:\/\/ecole-saintliboire.fr\/wp-content\/uploads\/2026\/04\/IMG_20251128_091600-1536x1157.jpg 1536w, https:\/\/ecole-saintliboire.fr\/wp-content\/uploads\/2026\/04\/IMG_20251128_091600-2048x1542.jpg 2048w, https:\/\/ecole-saintliboire.fr\/wp-content\/uploads\/2026\/04\/IMG_20251128_091600-1000x753.jpg 1000w, https:\/\/ecole-saintliboire.fr\/wp-content\/uploads\/2026\/04\/IMG_20251128_091600-230x173.jpg 230w, https:\/\/ecole-saintliboire.fr\/wp-content\/uploads\/2026\/04\/IMG_20251128_091600-350x264.jpg 350w, https:\/\/ecole-saintliboire.fr\/wp-content\/uploads\/2026\/04\/IMG_20251128_091600-480x361.jpg 480w\" sizes=\"auto, (max-width: 1024px) 100vw, 1024px\" \/><\/figure>\n<\/div>\n\n<div class=\"wp-block-image\">\n<figure class=\"alignright size-large is-resized\"><img loading=\"lazy\" decoding=\"async\" width=\"1024\" height=\"771\" src=\"https:\/\/ecole-saintliboire.fr\/wp-content\/uploads\/2026\/04\/IMG_20251128_100639-1024x771.jpg\" alt=\"\" class=\"wp-image-1031\" style=\"aspect-ratio:1.328149626983293;width:278px;height:auto\" srcset=\"https:\/\/ecole-saintliboire.fr\/wp-content\/uploads\/2026\/04\/IMG_20251128_100639-1024x771.jpg 1024w, https:\/\/ecole-saintliboire.fr\/wp-content\/uploads\/2026\/04\/IMG_20251128_100639-300x226.jpg 300w, https:\/\/ecole-saintliboire.fr\/wp-content\/uploads\/2026\/04\/IMG_20251128_100639-768x578.jpg 768w, https:\/\/ecole-saintliboire.fr\/wp-content\/uploads\/2026\/04\/IMG_20251128_100639-1536x1157.jpg 1536w, https:\/\/ecole-saintliboire.fr\/wp-content\/uploads\/2026\/04\/IMG_20251128_100639-2048x1542.jpg 2048w, https:\/\/ecole-saintliboire.fr\/wp-content\/uploads\/2026\/04\/IMG_20251128_100639-1000x753.jpg 1000w, https:\/\/ecole-saintliboire.fr\/wp-content\/uploads\/2026\/04\/IMG_20251128_100639-230x173.jpg 230w, https:\/\/ecole-saintliboire.fr\/wp-content\/uploads\/2026\/04\/IMG_20251128_100639-350x264.jpg 350w, https:\/\/ecole-saintliboire.fr\/wp-content\/uploads\/2026\/04\/IMG_20251128_100639-480x361.jpg 480w\" sizes=\"auto, (max-width: 1024px) 100vw, 1024px\" \/><\/figure>\n<\/div>\n\n\n<figure class=\"wp-block-image size-large is-resized\"><img loading=\"lazy\" decoding=\"async\" width=\"1024\" height=\"771\" src=\"https:\/\/ecole-saintliboire.fr\/wp-content\/uploads\/2026\/04\/IMG_20251128_091543-1024x771.jpg\" alt=\"\" class=\"wp-image-1030\" style=\"aspect-ratio:1.328149626983293;width:283px;height:auto\" srcset=\"https:\/\/ecole-saintliboire.fr\/wp-content\/uploads\/2026\/04\/IMG_20251128_091543-1024x771.jpg 1024w, https:\/\/ecole-saintliboire.fr\/wp-content\/uploads\/2026\/04\/IMG_20251128_091543-300x226.jpg 300w, https:\/\/ecole-saintliboire.fr\/wp-content\/uploads\/2026\/04\/IMG_20251128_091543-768x578.jpg 768w, https:\/\/ecole-saintliboire.fr\/wp-content\/uploads\/2026\/04\/IMG_20251128_091543-1536x1157.jpg 1536w, https:\/\/ecole-saintliboire.fr\/wp-content\/uploads\/2026\/04\/IMG_20251128_091543-2048x1542.jpg 2048w, https:\/\/ecole-saintliboire.fr\/wp-content\/uploads\/2026\/04\/IMG_20251128_091543-1000x753.jpg 1000w, https:\/\/ecole-saintliboire.fr\/wp-content\/uploads\/2026\/04\/IMG_20251128_091543-230x173.jpg 230w, https:\/\/ecole-saintliboire.fr\/wp-content\/uploads\/2026\/04\/IMG_20251128_091543-350x264.jpg 350w, https:\/\/ecole-saintliboire.fr\/wp-content\/uploads\/2026\/04\/IMG_20251128_091543-480x361.jpg 480w\" sizes=\"auto, (max-width: 1024px) 100vw, 1024px\" \/><\/figure>\n\n\n\n<figure class=\"wp-block-image size-large\"><img loading=\"lazy\" decoding=\"async\" width=\"1024\" height=\"683\" src=\"https:\/\/ecole-saintliboire.fr\/wp-content\/uploads\/2026\/03\/260205-OH-SaiintLiboire-0565-1024x683.jpg\" alt=\"\" class=\"wp-image-994\" srcset=\"https:\/\/ecole-saintliboire.fr\/wp-content\/uploads\/2026\/03\/260205-OH-SaiintLiboire-0565-1024x683.jpg 1024w, https:\/\/ecole-saintliboire.fr\/wp-content\/uploads\/2026\/03\/260205-OH-SaiintLiboire-0565-300x200.jpg 300w, https:\/\/ecole-saintliboire.fr\/wp-content\/uploads\/2026\/03\/260205-OH-SaiintLiboire-0565-768x512.jpg 768w, https:\/\/ecole-saintliboire.fr\/wp-content\/uploads\/2026\/03\/260205-OH-SaiintLiboire-0565-1536x1024.jpg 1536w, https:\/\/ecole-saintliboire.fr\/wp-content\/uploads\/2026\/03\/260205-OH-SaiintLiboire-0565-1000x667.jpg 1000w, https:\/\/ecole-saintliboire.fr\/wp-content\/uploads\/2026\/03\/260205-OH-SaiintLiboire-0565-230x153.jpg 230w, https:\/\/ecole-saintliboire.fr\/wp-content\/uploads\/2026\/03\/260205-OH-SaiintLiboire-0565-350x233.jpg 350w, https:\/\/ecole-saintliboire.fr\/wp-content\/uploads\/2026\/03\/260205-OH-SaiintLiboire-0565-480x320.jpg 480w, https:\/\/ecole-saintliboire.fr\/wp-content\/uploads\/2026\/03\/260205-OH-SaiintLiboire-0565.jpg 1920w\" sizes=\"auto, (max-width: 1024px) 100vw, 1024px\" \/><\/figure>\n\n\n\n<p>L&rsquo;enseignante Pascaline ORTEGA est assist\u00e9e de Julie l\u2019ASEM pour s\u2019occuper de 27 \u00e9l\u00e8ves dont 10 enfants en Moyenne section et 17 enfants en Grande Section<\/p>\n\n\n\n<p>La salle est \u00e9quip\u00e9e d\u2019un vid\u00e9o-projecteur et de mobilier adapt\u00e9 aux enfants ainsi que de plusieurs espaces de jeux&nbsp;: garage, espace lecture\u2026<\/p>\n\n\n\n<figure class=\"wp-block-image size-large is-style-sydney-rounded\"><img loading=\"lazy\" decoding=\"async\" width=\"1024\" height=\"771\" src=\"https:\/\/ecole-saintliboire.fr\/wp-content\/uploads\/2024\/06\/1719482599343-1024x771.jpg\" alt=\"\" class=\"wp-image-227\" srcset=\"https:\/\/ecole-saintliboire.fr\/wp-content\/uploads\/2024\/06\/1719482599343-1024x771.jpg 1024w, https:\/\/ecole-saintliboire.fr\/wp-content\/uploads\/2024\/06\/1719482599343-300x226.jpg 300w, https:\/\/ecole-saintliboire.fr\/wp-content\/uploads\/2024\/06\/1719482599343-768x578.jpg 768w, https:\/\/ecole-saintliboire.fr\/wp-content\/uploads\/2024\/06\/1719482599343-1536x1157.jpg 1536w, https:\/\/ecole-saintliboire.fr\/wp-content\/uploads\/2024\/06\/1719482599343-2048x1542.jpg 2048w, https:\/\/ecole-saintliboire.fr\/wp-content\/uploads\/2024\/06\/1719482599343-1000x753.jpg 1000w, https:\/\/ecole-saintliboire.fr\/wp-content\/uploads\/2024\/06\/1719482599343-230x173.jpg 230w, https:\/\/ecole-saintliboire.fr\/wp-content\/uploads\/2024\/06\/1719482599343-350x264.jpg 350w, https:\/\/ecole-saintliboire.fr\/wp-content\/uploads\/2024\/06\/1719482599343-480x361.jpg 480w\" sizes=\"auto, (max-width: 1024px) 100vw, 1024px\" \/><\/figure>\n\n\n\n<p><\/p>\n\n\n\n<p class=\"has-text-align-center has-vivid-cyan-blue-background-color has-background\"><strong>Le d\u00e9roulement d\u2019une journ\u00e9e type&nbsp;:<\/strong><\/p>\n\n\n\n<p>Les enfants peuvent \u00eatre accueillis d\u00e8s 7h30 \u00e0 la garderie du matin<\/p>\n\n\n\n<p>A 8h30, Pascaline et Julie accueillent les enfants \u00e0 l\u2019entr\u00e9e de l\u2019\u00e9cole toujours avec le sourire<\/p>\n\n\n\n<p>A 11h30 les enfants vont se restaurer \u00e0 la cantine, apr\u00e8s \u00eatre pass\u00e9s aux toilettes et s\u2019\u00eatre lav\u00e9s les mains bien s\u00fbr&nbsp;!<\/p>\n\n\n\n<p>A 12h30, Les enfants de Moyenne section vont se reposer dans la salle de sieste jusqu&rsquo;\u00e0 14h. Les enfants de Grandes Section vont jouer dans la cour<\/p>\n\n\n\n<p>A 14h, reprise de la classe<\/p>\n\n\n\n<p><a><\/a> A 16h30, fin de la classe, certains retrouvent leurs parents, tandis que les autres vont rejoindre les Petits pour prendre leur gouter et \u00e9couter des histoires tranquillement, ensuite ils retrouveront les plus grands \u00e0 la garderie du soir en attendant les parents jusqu\u2019 18h30 au plus tard<\/p>\n\n\n\n<p class=\"has-text-align-center has-vivid-green-cyan-background-color has-background\"><strong>Sorties et Activit\u00e9s : <\/strong><\/p>\n\n\n\n<ul class=\"wp-block-list\">\n<li>s\u00e9ance de cin\u00e9ma aux Cineastes<\/li>\n\n\n\n<li>lecture \u00e0 la m\u00e9diath\u00e8que des Saulnieres<\/li>\n\n\n\n<li>Visite de la caserne des pompiers<\/li>\n\n\n\n<li>Sortie de fin d&rsquo;ann\u00e9e au Zoo de la Fleche<\/li>\n<\/ul>\n\n\n\n<ul class=\"wp-block-list\">\n<li>Les enfants ont eu l&rsquo;occasion chacun leur tour de s&rsquo;occuper des Daltons <\/li>\n<\/ul>\n\n\n<div class=\"wp-block-image is-style-rounded\">\n<figure class=\"aligncenter size-full\"><img loading=\"lazy\" decoding=\"async\" width=\"735\" height=\"551\" src=\"https:\/\/ecole-saintliboire.fr\/wp-content\/uploads\/2024\/06\/escargot1.png\" alt=\"\" class=\"wp-image-89\" srcset=\"https:\/\/ecole-saintliboire.fr\/wp-content\/uploads\/2024\/06\/escargot1.png 735w, https:\/\/ecole-saintliboire.fr\/wp-content\/uploads\/2024\/06\/escargot1-300x225.png 300w, https:\/\/ecole-saintliboire.fr\/wp-content\/uploads\/2024\/06\/escargot1-230x172.png 230w, https:\/\/ecole-saintliboire.fr\/wp-content\/uploads\/2024\/06\/escargot1-350x262.png 350w, https:\/\/ecole-saintliboire.fr\/wp-content\/uploads\/2024\/06\/escargot1-480x360.png 480w\" sizes=\"auto, (max-width: 735px) 100vw, 735px\" \/><\/figure>\n<\/div>\n\n\n<ul class=\"wp-block-list\">\n<li>Cr\u00e9ation d&rsquo;un Ab\u00e9c\u00e9daire, tout au long de l&rsquo;ann\u00e9e en utilisant diff\u00e9rentes techniques de peinture<\/li>\n<\/ul>\n\n\n\n<figure class=\"wp-block-image size-large is-style-rounded\"><img loading=\"lazy\" decoding=\"async\" width=\"1024\" height=\"554\" src=\"https:\/\/ecole-saintliboire.fr\/wp-content\/uploads\/2024\/06\/1719483663824d-1024x554.jpg\" alt=\"\" class=\"wp-image-228\" srcset=\"https:\/\/ecole-saintliboire.fr\/wp-content\/uploads\/2024\/06\/1719483663824d-1024x554.jpg 1024w, https:\/\/ecole-saintliboire.fr\/wp-content\/uploads\/2024\/06\/1719483663824d-300x162.jpg 300w, https:\/\/ecole-saintliboire.fr\/wp-content\/uploads\/2024\/06\/1719483663824d-768x415.jpg 768w, https:\/\/ecole-saintliboire.fr\/wp-content\/uploads\/2024\/06\/1719483663824d-1536x831.jpg 1536w, https:\/\/ecole-saintliboire.fr\/wp-content\/uploads\/2024\/06\/1719483663824d-2048x1108.jpg 2048w, https:\/\/ecole-saintliboire.fr\/wp-content\/uploads\/2024\/06\/1719483663824d-1000x541.jpg 1000w, https:\/\/ecole-saintliboire.fr\/wp-content\/uploads\/2024\/06\/1719483663824d-230x124.jpg 230w, https:\/\/ecole-saintliboire.fr\/wp-content\/uploads\/2024\/06\/1719483663824d-350x189.jpg 350w, https:\/\/ecole-saintliboire.fr\/wp-content\/uploads\/2024\/06\/1719483663824d-480x260.jpg 480w\" sizes=\"auto, (max-width: 1024px) 100vw, 1024px\" \/><\/figure>\n","protected":false},"excerpt":{"rendered":"<p>Bienvenue dans la classe des MS-GS Notre copain Loup Cette ann\u00e9e, Loup nous accompagne dans toutes nos aventures. Il part le week-end [&hellip;]<\/p>\n","protected":false},"author":1,"featured_media":0,"parent":0,"menu_order":0,"comment_status":"closed","ping_status":"closed","template":"","meta":{"footnotes":""},"class_list":["post-68","page","type-page","status-publish","hentry"],"_links":{"self":[{"href":"https:\/\/ecole-saintliboire.fr\/index.php\/wp-json\/wp\/v2\/pages\/68","targetHints":{"allow":["GET"]}}],"collection":[{"href":"https:\/\/ecole-saintliboire.fr\/index.php\/wp-json\/wp\/v2\/pages"}],"about":[{"href":"https:\/\/ecole-saintliboire.fr\/index.php\/wp-json\/wp\/v2\/types\/page"}],"author":[{"embeddable":true,"href":"https:\/\/ecole-saintliboire.fr\/index.php\/wp-json\/wp\/v2\/users\/1"}],"replies":[{"embeddable":true,"href":"https:\/\/ecole-saintliboire.fr\/index.php\/wp-json\/wp\/v2\/comments?post=68"}],"version-history":[{"count":9,"href":"https:\/\/ecole-saintliboire.fr\/index.php\/wp-json\/wp\/v2\/pages\/68\/revisions"}],"predecessor-version":[{"id":1038,"href":"https:\/\/ecole-saintliboire.fr\/index.php\/wp-json\/wp\/v2\/pages\/68\/revisions\/1038"}],"wp:attachment":[{"href":"https:\/\/ecole-saintliboire.fr\/index.php\/wp-json\/wp\/v2\/media?parent=68"}],"curies":[{"name":"wp","href":"https:\/\/api.w.org\/{rel}","templated":true}]}}