{"id":27,"date":"2024-05-30T15:17:42","date_gmt":"2024-05-30T13:17:42","guid":{"rendered":"http:\/\/wooaevt.cluster023.hosting.ovh.net\/?page_id=27"},"modified":"2025-02-25T09:10:45","modified_gmt":"2025-02-25T08:10:45","slug":"projets-decole","status":"publish","type":"page","link":"https:\/\/ecole-saintliboire.fr\/index.php\/projets-decole\/","title":{"rendered":"Projets d\u2019\u00e9cole"},"content":{"rendered":"\n<div data-wp-interactive=\"core\/file\" class=\"wp-block-file\"><object data-wp-bind--hidden=\"!state.hasPdfPreview\" hidden class=\"wp-block-file__embed\" data=\"https:\/\/ecole-saintliboire.fr\/wp-content\/uploads\/2024\/06\/projet-educatif-2023-24.pdf\" type=\"application\/pdf\" style=\"width:100%;height:600px\" aria-label=\"Contenu embarqu\u00e9 projet-educatif-2023-24.\"><\/object><a id=\"wp-block-file--media-9226904f-3242-42f3-b679-56001d42e212\" href=\"https:\/\/ecole-saintliboire.fr\/wp-content\/uploads\/2024\/06\/projet-educatif-2023-24.pdf\">projet-educatif-2023-24<\/a><a href=\"https:\/\/ecole-saintliboire.fr\/wp-content\/uploads\/2024\/06\/projet-educatif-2023-24.pdf\" class=\"wp-block-file__button wp-element-button\" download aria-describedby=\"wp-block-file--media-9226904f-3242-42f3-b679-56001d42e212\">T\u00e9l\u00e9charger<\/a><\/div>\n\n\n\n<div data-wp-interactive=\"core\/file\" class=\"wp-block-file\"><object data-wp-bind--hidden=\"!state.hasPdfPreview\" hidden class=\"wp-block-file__embed\" data=\"https:\/\/ecole-saintliboire.fr\/wp-content\/uploads\/2025\/02\/plaquette-danger-ecran.pdf\" type=\"application\/pdf\" style=\"width:100%;height:600px\" aria-label=\"Contenu embarqu\u00e9 plaquette-danger-\u00e9cran.\"><\/object><a id=\"wp-block-file--media-557fe369-3094-4d0f-bb2f-f1b34a9b9104\" href=\"https:\/\/ecole-saintliboire.fr\/wp-content\/uploads\/2025\/02\/plaquette-danger-ecran.pdf\">plaquette-danger-\u00e9cran<\/a><a href=\"https:\/\/ecole-saintliboire.fr\/wp-content\/uploads\/2025\/02\/plaquette-danger-ecran.pdf\" class=\"wp-block-file__button wp-element-button\" download aria-describedby=\"wp-block-file--media-557fe369-3094-4d0f-bb2f-f1b34a9b9104\">T\u00e9l\u00e9charger<\/a><\/div>\n\n\n\n<div data-wp-interactive=\"core\/file\" class=\"wp-block-file\"><object data-wp-bind--hidden=\"!state.hasPdfPreview\" hidden class=\"wp-block-file__embed\" data=\"https:\/\/ecole-saintliboire.fr\/wp-content\/uploads\/2024\/06\/Charte-ecologie-integrale.pdf\" type=\"application\/pdf\" style=\"width:100%;height:600px\" aria-label=\"Contenu embarqu\u00e9 Charte-ecologie-integrale.\"><\/object><a id=\"wp-block-file--media-fce94603-12fe-498b-883e-e4cf5aec5064\" href=\"https:\/\/ecole-saintliboire.fr\/wp-content\/uploads\/2024\/06\/Charte-ecologie-integrale.pdf\">Charte-ecologie-integrale<\/a><a href=\"https:\/\/ecole-saintliboire.fr\/wp-content\/uploads\/2024\/06\/Charte-ecologie-integrale.pdf\" class=\"wp-block-file__button wp-element-button\" download aria-describedby=\"wp-block-file--media-fce94603-12fe-498b-883e-e4cf5aec5064\">T\u00e9l\u00e9charger<\/a><\/div>\n\n\n\n<p>DEMANDE INCONSCIENTE D&rsquo;UN ENFANT POUR SES PARENTS<\/p>\n\n\n\n<p>Maman, papa, je vous serais reconnaissant de ne pas toujours chercher \u00e0 m&rsquo;expliquer ce que vous avez tellement de mal \u00e0 comprendre chez moi,&nbsp;<\/p>\n\n\n\n<p>&nbsp;Maman, papa, ne perdez pas trop de temps \u00e0 me raisonner, \u00e0 me rassurer pour tenter d&rsquo;apaiser vos peurs ou avoir le plaisir de me faire entrer dans vos d\u00e9sirs.&nbsp;<\/p>\n\n\n\n<p>&nbsp;Maman, papa, en prenant soin de vos peurs (et des d\u00e9sirs qu&rsquo;il y a derri\u00e8re toute peur), vous pouvez m&rsquo;aider \u00e0 rendre moins stressante et plus vivante notre relation.&nbsp;<\/p>\n\n\n\n<p>&nbsp;Maman, papa, je vous en supplie, ne me laissez pas croire que mes propres d\u00e9sirs sont tout-puissants.&nbsp;Ils sont simplement l&rsquo;expression d&rsquo;un imaginaire qui doit apprendre \u00e0 affronter la r\u00e9alit\u00e9.&nbsp;<\/p>\n\n\n\n<p>&nbsp;Maman, papa, pouvez-vous simplement m&rsquo;\u00e9couter, sans tout de suite vous emparer de ce que je dis, sans prendre chacun de mes t\u00e2tonnements ou chacune de mes r\u00e9voltes comme une remise en cause de ce que vous \u00eates.&nbsp;<\/p>\n\n\n\n<p>&nbsp;Maman, papa, je vous en prie, prenez le risque de me frustrer, et m\u00eame de me faire de la peine&nbsp;en refusant certaines de mes demandes.&nbsp;<\/p>\n\n\n\n<p>&nbsp;Maman, papa, osez vous affirmer avec vos r\u00eaves, vos besoins ou vos erreurs, sans vous justifier en permanence de tout ce que vous avez fait ou pas fait pour moi.&nbsp;<\/p>\n\n\n\n<p><\/p>\n\n\n\n<p>&nbsp;Maman, papa, je vous remercie infiniment de savoir me dire non, de ne pas m&rsquo;entretenir dans l&rsquo;illusion que vous pouvez \u00eatre tout pour moi, et que moi aussi je suis tout pour vous.&nbsp;<\/p>\n\n\n\n<p>&nbsp;Maman, papa, prenez le risque d&rsquo;entendre mes d\u00e9sirs, mais n&rsquo;y r\u00e9pondez pas tout de suite. En voulant les satisfaire trop vite, vous risquez de les d\u00e9vitaliser.&nbsp;<\/p>\n\n\n\n<p>&nbsp;Maman, papa, confirmez-moi que je peux r\u00eaver d&rsquo;\u00eatre plus grand que je ne le suis et plus petit que vous ne le souhaiteriez, car je sais que j&rsquo;ai beaucoup de chemin \u00e0 faire.&nbsp;<\/p>\n\n\n\n<p>&nbsp;Maman, papa, s&rsquo;il vous pla\u00eet, ne revenez pas trop souvent sur un refus, ne vous d\u00e9jugez pas, restez fermes, c&rsquo;est comme cela que je peux affronter les r\u00e9alit\u00e9s qui m&rsquo;entourent.&nbsp;<\/p>\n\n\n\n<p>&nbsp;Maman, papa, pour que je puisse me situer, d\u00e9couvrir mes propres limites, avoir des rep\u00e8res clairs et m&rsquo;affirmer face \u00e0 vous, n&rsquo;h\u00e9sitez pas \u00e0 me donner des limites et des interdits.&nbsp;<\/p>\n\n\n\n<p>&nbsp;Maman, papa, m\u00eame si je r\u00e9agis, si je pleure, m\u00eame si je te dis \u00e0 toi, maman, que tu es \u00ab m\u00e9chante et sans c\u0153ur \u00bb, reste ferme et stable. La consistance de ton positionnement me rassure et me construit.&nbsp;<\/p>\n\n\n\n<p>&nbsp;Maman, papa, m\u00eame si je vous d\u00e9\u00e7ois, si je t&rsquo;accuse, toi, papa \u00ab de ne rien comprendre \u00bb, ne m&rsquo;enferme pas dans mes r\u00e9actions par un rejet ou un refus sans appel.&nbsp;<\/p>\n\n\n\n<p>&nbsp;Maman, papa, par piti\u00e9, ne d\u00e9missionnez pas.&nbsp;Si je tente de vous s\u00e9duire, r\u00e9sistez;&nbsp;si je vous agresse, parfois, ne m&rsquo;ignorez pas.&nbsp;C&rsquo;est comme cela que je pourrai me faire confiance.&nbsp;<\/p>\n\n\n\n<p>&nbsp;Maman, papa, de gr\u00e2ce, vous n&rsquo;\u00eates pas oblig\u00e9s d&rsquo;\u00eatre des parents 24 heures sur 24, ni m\u00eame d&rsquo;\u00eatre parfaits!&nbsp;Cela me permettra de souffler un peu&nbsp;et de trouver la bonne distance.&nbsp;<\/p>\n\n\n\n<p>&nbsp;Maman, papa, au-del\u00e0 de tous vos r\u00f4les actuels, j&rsquo;ai besoin de rencontrer&nbsp;non seulement la femme et l&rsquo;homme que vous \u00eates,&nbsp;mais aussi la petite fille et le petit gar\u00e7on que vous avez \u00e9t\u00e9.&nbsp;<\/p>\n\n\n\n<p>&nbsp;Maman, j&rsquo;ai besoin, parfois, d&rsquo;une m\u00e8re, mais aussi d&rsquo;une maman. Papa, n&rsquo;h\u00e9site pas \u00e0 \u00eatre un p\u00e8re et accepte sans retenue de montrer le papa qu&rsquo;il y a en toi.&nbsp;<\/p>\n\n\n\n<p>&nbsp;Maman, papa, j&rsquo;ai besoin de vous dire aussi, \u00e0 chacun: je ne suis que votre fils, que votre fille&nbsp;(je ne peux pas tout pour vous) et je ne suis pas que votre fils, votre fille, (barrez la mention inutile !)&nbsp;je suis bien plus que cela, sur les multiples chemins de ma vie.&nbsp;<\/p>\n\n\n\n<p><em>Tir\u00e9 de<strong> \u00ab\u00a0\u00c0 qui ferais-je de la peine si j&rsquo;\u00e9tais moi-m\u00eame\u00a0\u00bb <\/strong>de<strong> J. Salom\u00e9<\/strong><\/em><\/p>\n\n\n\n<p><\/p>\n","protected":false},"excerpt":{"rendered":"<p>DEMANDE INCONSCIENTE D&rsquo;UN ENFANT POUR SES PARENTS Maman, papa, je vous serais reconnaissant de ne pas toujours chercher \u00e0 m&rsquo;expliquer ce que [&hellip;]<\/p>\n","protected":false},"author":2,"featured_media":0,"parent":0,"menu_order":0,"comment_status":"closed","ping_status":"closed","template":"","meta":{"footnotes":""},"class_list":["post-27","page","type-page","status-publish","hentry"],"_links":{"self":[{"href":"https:\/\/ecole-saintliboire.fr\/index.php\/wp-json\/wp\/v2\/pages\/27","targetHints":{"allow":["GET"]}}],"collection":[{"href":"https:\/\/ecole-saintliboire.fr\/index.php\/wp-json\/wp\/v2\/pages"}],"about":[{"href":"https:\/\/ecole-saintliboire.fr\/index.php\/wp-json\/wp\/v2\/types\/page"}],"author":[{"embeddable":true,"href":"https:\/\/ecole-saintliboire.fr\/index.php\/wp-json\/wp\/v2\/users\/2"}],"replies":[{"embeddable":true,"href":"https:\/\/ecole-saintliboire.fr\/index.php\/wp-json\/wp\/v2\/comments?post=27"}],"version-history":[{"count":7,"href":"https:\/\/ecole-saintliboire.fr\/index.php\/wp-json\/wp\/v2\/pages\/27\/revisions"}],"predecessor-version":[{"id":539,"href":"https:\/\/ecole-saintliboire.fr\/index.php\/wp-json\/wp\/v2\/pages\/27\/revisions\/539"}],"wp:attachment":[{"href":"https:\/\/ecole-saintliboire.fr\/index.php\/wp-json\/wp\/v2\/media?parent=27"}],"curies":[{"name":"wp","href":"https:\/\/api.w.org\/{rel}","templated":true}]}}